{"id":9485,"date":"2025-02-22T13:28:52","date_gmt":"2025-02-22T10:28:52","guid":{"rendered":"https:\/\/psikoloji.avrasya.edu.tr\/?page_id=9485"},"modified":"2025-08-29T08:19:52","modified_gmt":"2025-08-29T05:19:52","slug":"program-ogrenim-ciktilari","status":"publish","type":"page","link":"https:\/\/tibbigoruntuleme.avrasya.edu.tr\/?page_id=9485","title":{"rendered":"Program \u00d6\u011frenim \u00c7\u0131kt\u0131lar\u0131"},"content":{"rendered":"","protected":false},"excerpt":{"rendered":"","protected":false},"author":1,"featured_media":0,"parent":0,"menu_order":0,"comment_status":"closed","ping_status":"closed","template":"","meta":{"footnotes":""},"class_list":["post-9485","page","type-page","status-publish","hentry"],"_links":{"self":[{"href":"https:\/\/tibbigoruntuleme.avrasya.edu.tr\/index.php?rest_route=\/wp\/v2\/pages\/9485","targetHints":{"allow":["GET"]}}],"collection":[{"href":"https:\/\/tibbigoruntuleme.avrasya.edu.tr\/index.php?rest_route=\/wp\/v2\/pages"}],"about":[{"href":"https:\/\/tibbigoruntuleme.avrasya.edu.tr\/index.php?rest_route=\/wp\/v2\/types\/page"}],"author":[{"embeddable":true,"href":"https:\/\/tibbigoruntuleme.avrasya.edu.tr\/index.php?rest_route=\/wp\/v2\/users\/1"}],"replies":[{"embeddable":true,"href":"https:\/\/tibbigoruntuleme.avrasya.edu.tr\/index.php?rest_route=%2Fwp%2Fv2%2Fcomments&post=9485"}],"version-history":[{"count":2,"href":"https:\/\/tibbigoruntuleme.avrasya.edu.tr\/index.php?rest_route=\/wp\/v2\/pages\/9485\/revisions"}],"predecessor-version":[{"id":9653,"href":"https:\/\/tibbigoruntuleme.avrasya.edu.tr\/index.php?rest_route=\/wp\/v2\/pages\/9485\/revisions\/9653"}],"wp:attachment":[{"href":"https:\/\/tibbigoruntuleme.avrasya.edu.tr\/index.php?rest_route=%2Fwp%2Fv2%2Fmedia&parent=9485"}],"curies":[{"name":"wp","href":"https:\/\/api.w.org\/{rel}","templated":true}]}}